 8*x = 4*x + 4*y + 12. Suppose w + x*w - 280 = -3*o, 2*o - 142 = -2*w. List the prime factors of w.
67
Suppose -4*j = 0, -5*j + 9*j = -5*t + 2130. List the prime factors of t.
2, 3, 71
Suppose -4*l + 35 = -5*v, -l = -2*v - 9 - 2. Let k = v - 1. What are the prime factors of (-2)/(-8) - 7/k?
2
List the prime factors of (-100812)/(-168) - (-1)/(-14).
2, 3, 5
Let c = 33 + -76. List the prime factors of c + 198 - (-2)/(-2)*4.
151
Suppose l + y = 5, 23 = -0*l + 3*l + y. List the prime factors of (l/6)/((-3)/(-118)).
59
Let q = 2093 + -1236. List the prime factors of q.
857
What are the prime factors of (-2)/10 - (-1)/((-45)/(-13554))?
7, 43
Let s = -417 - -501. List the prime factors of s.
2, 3, 7
Suppose -8 - 2 = 5*h. Let l = -15 - h. List the prime factors of (-4 - l)/((-12)/(-8)).
2, 3
Let x = 2317 - 1594. What are the prime factors of x?
3, 241
Let h(j) = 2*j**3 + 31*j**2 - 15*j + 17. Let q be h(-16). What are the prime factors of q*(0/2)/(-2) - -4?
2
Suppose -95*l + 96*l = 823. List the prime factors of l.
823
Let d(s) = 509*s - 24. What are the prime factors of d(3)?
3, 167
Let l be (-2 - -4) + -6 - (-1929)/(-3). Let s = -462 - l. List the prime factors of s.
5, 37
List the prime factors of 7809/(-3 - -6) - 19/19.
2, 1301
Let n(u) = -3 - 2 + 1 + 5*u + 3. Let h be n(1). Suppose -7*g = 3*q - 2*g - 123, h*g = q - 24. List the prime factors of q.
2, 3
Let d be -4*5/((-20)/83). Suppose h = f + d, h = 3*f - 0*f + 93. List the prime factors of h.
2, 3, 13
Let j(d) = -2*d**3 - 3*d**2 + 2. Suppose 3*a + 36 = -a. Let i be a/(-6) - (-14)/(-4). What are the prime factors of j(i)?
2, 3
Suppose -k + 42 = 158. List the prime factors of (-2)/2*(k + 8).
2, 3
Let w(x) be the second derivative of x + 5/6*x**4 - 1/20*x**5 - 8*x**2 - 11/6*x**3 + 0. List the prime factors of w(7).
2, 3
Suppose -24*i - 13*i = -22792. What are the prime factors of i?
2, 7, 11
Let i be 49 + (-5)/(-15)*-3. Suppose 9 = v - i. List the prime factors of v.
3, 19
Let x(h) = 2*h**3 - 3*h**2 + 4*h + 2. Let a be x(2). Suppose a*j = 10*j + 296. List the prime factors of j.
2, 37
Let r(o) be the first derivative of -o**3/3 + 11*o**2/2 - 12*o - 4. Let u be r(5). Suppose 2*j - 3*j = -u. List the prime factors of j.
2, 3
Suppose 5*x - q - 598 = 548, q = -3*x + 686. What are the prime factors of x?
229
Let v(t) = t**2 - 3*t + 4. Let u be v(3). Let w be ((-3)/(-6))/((-2)/u). Let f = 6 + w. List the prime factors of f.
5
Let o(z) = -28*z + 516. List the prime factors of o(0).
2, 3, 43
List the prime factors of 365 - ((-1)/(-3))/(27/81).
2, 7, 13
Let q(f) be the third derivative of -f**5/60 + f**4/24 + 6*f**3 + f**2 + 23. Suppose w = 2*w. What are the prime factors of q(w)?
2, 3
Let d be 268/52 - 4/26. Let j be d*((-16)/(-20) - 0). Suppose j*z - 8*z = -172. What are the prime factors of z?
43
Suppose -2*w - w + 6 = -4*c, -w + 2 = 0. Suppose -u + 4*t + 7 = c, 2*u - t + 0*t = 21. What are the prime factors of u?
11
Let f be (-4)/(-3)*156/(-8). Let j = 42 + f. What are the prime factors of j?
2
Suppose -6*o + 3 + 9 = 0. Suppose 0 = o*n + 6*n - 1680. List the prime factors of n.
2, 3, 5, 7
Let n(z) = z**3 + 36*z**2 + 51*z + 35. What are the prime factors of n(-34)?
613
Let m(p) be the third derivative of -p**4/12 + 7*p**3/6 + 2*p**2. Let g be (-3 + -1 - 0) + -3. List the prime factors of m(g).
3, 7
Suppose -4*q + 3*q = 30. What are the prime factors of (-158)/(-7) + q/(-70)?
23
Suppose -2*m + 4*m - 4 = 0. Let v be (m/(-6))/(9/(-81)). List the prime factors of (0 + -1 - v)*-9.
2, 3
Let g be ((-2)/10)/(5/25). Let p(d) = -10*d**2 - 2*d - 3. Let t(o) = o**2 - o - 1. Let x(h) = -p(h) + 4*t(h). What are the prime factors of x(g)?
3, 5
Suppose 3*j - 2*j = -3, 0 = -4*s - 2*j + 3422. List the prime factors of s.
857
Suppose 5*u + 4*s - 5045 = 0, -4*u + 2346 = 5*s - 1699. List the prime factors of u.
3, 5, 67
Let t(d) = -2*d - 5. Let j be t(-5). Let q(a) = 2*a - 6. Let p be q(j). Suppose 34 = p*h - 42. List the prime factors of h.
19
List the prime factors of 20/15*-1*-2577.
2, 859
Let d = 3097 + -1007. What are the prime factors of d?
2, 5, 11, 19
Let r(k) = 3*k - 2. Let d be r(2). Suppose 0 = -d*i + 8*i - 168. List the prime factors of 9*-1*i/(-9).
2, 3, 7
Let z be (0/(-3))/((-1)/(-2 - -3)). Suppose 5*i - 35 - 320 = z. What are the prime factors of i?
71
Let r(w) = 8*w - 7. Let i be 2/(-1)*(-6)/(-4). Let o(n) = -4*n + 4. Let t(h) = i*r(h) - 5*o(h). List the prime factors of t(-4).
17
Let y = 154 + -661. Let h = -247 - y. What are the prime factors of h?
2, 5, 13
Let r(u) = 41 - 3*u - 23 - 7. Let v be r(-7). Let y = -19 + v. What are the prime factors of y?
13
Let v = -144 - -216. Suppose 5*b - 3*b - v = 0. Suppose 46 = 2*t - b. What are the prime factors of t?
41
Suppose 84 = 2*g - 5*q - 64, -3*q - 140 = -2*g. What are the prime factors of 1 + (g*1)/2?
3, 11
Let n be 6 + -5 - (-1 - 0). Let m be 30/(-12) + n/(-4). What are the prime factors of (m - -13)/((-1)/(-4))?
2, 5
Let k(p) = 2*p + 5*p - 5 - 102*p**2 - 3*p + 104*p**2. What are the prime factors of k(10)?
5, 47
Let z(x) = x**2 - x + 11. Let u = -2 - -2. Let j be z(u). Let k(t) = -t**3 + 10*t**2 + 13*t - 10. List the prime factors of k(j).
2, 3
Let y(h) = 2*h**2 - 27*h + 21. What are the prime factors of y(-25)?
2, 7, 139
Let q = 1525 - 1018. What are the prime factors of q?
3, 13
Suppose 13510 - 36907 = -11*p. List the prime factors of p.
3, 709
List the prime factors of 9 + -12 - (-2 - 1494).
1493
Suppose -12*o + 14*o = 828. Let g = 614 - o. List the prime factors of g.
2, 5
Suppose 8*w - 191 = 7*w - 3*d, -5*d = -3*w + 629. What are the prime factors of w?
7, 29
Let q(i) = -i - 5. Let r(c) = -c - 1. Let h(l) = q(l) - 3*r(l). Let u be h(-4). List the prime factors of ((-1)/2)/(u/420).
3, 7
Let y = 503 - 348. Let c = 227 - y. Suppose 0 = -5*z + z + c. List the prime factors of z.
2, 3
Let m(s) = -131*s + 35. What are the prime factors of m(-5)?
2, 3, 5, 23
Let b = -1927 - -3627. What are the prime factors of b?
2, 5, 17
Let c be 2 - 1 - (-3)/3. Suppose -5*f = -c*f + 4*u + 319, 4*u = -5*f - 521. Let s = f - -173. List the prime factors of s.
2, 3
Let q(a) = -456*a + 177. What are the prime factors of q(-5)?
3, 7, 13
Let z = -80 - -167. Suppose -129 = -4*x + z. List the prime factors of x.
2, 3
Let u(z) = 7*z + 84. What are the prime factors of u(20)?
2, 7
Let h = -6 + 9. Suppose h*k = 2*z - 238, 0*z - 156 = 2*k - 4*z. Let c = -51 - k. List the prime factors of c.
29
Let c = 63 - 122. Let b = 454 + -332. Let z = b + c. List the prime factors of z.
3, 7
Let k(j) be the third derivative of -j**6/120 - j**5/15 + j**4/3 - 3*j**2. Suppose 3*w + 2 = -3*s - 19, -2*s - 2 = 0. What are the prime factors of k(w)?
2, 3
Let m = -16 + 28. Suppose 0*u - u - 3*a - m = 0, 0 = 5*u + 4*a + 5. Suppose -y - 4*k + 28 = 0, u*y - 112 = -y - 5*k. List the prime factors of y.
2, 7
Let x(l) = 338*l - 47. What are the prime factors of x(2)?
17, 37
Let d = -106 - -108. Suppose d = -q - 2, t = 4*q + 85. What are the prime factors of t?
3, 23
Let n(p) = -p**2 - 9*p + 12. Let y be n(-10). Suppose 4*z + 108 = y*k - 0*k, -2*z - 162 = -3*k. List the prime factors of k.
2, 3
Suppose 6*z - 3446 = 1744. List the prime factors of z.
5, 173
Let p = 202 - 164. List the prime factors of p.
2, 19
Let t(k) = 8*k**2 + 10*k - 4. Let a be t(-10). Suppose -208 = -8*f + a. List the prime factors of f.
113
Suppose 4*a + 2*c - 822 = 0, 0 - 1050 = -5*a + 2*c. What are the prime factors of a?
2, 13
Let d(a) be the second derivative of -13*a**3/3 - 49*a**2/2 - 6*a. List the prime factors of d(-9).
5, 37
Let z = 550 - 27. What are the prime factors of z?
523
Let u(a) = -a**2 + 10*a - 19. Let r be u(6). Suppose 0 = r*w + 67 - 447. List the prime factors of w.
2, 19
Let a be ((-47)/2)/(2/(-4)). Let g = -114 + 95. Let y = g + a. What are the prime factors of y?
2, 7
Let s be (-39)/4*24/(-9). Suppose -s = -4*l - 14. Suppose -4*a = l*u - 284, 3*u - 128 = -2*a + 5*u. What are the prime factors of a?
2, 17
Let s be ((-87)/(-12) - 3)*20. Let o = -6 + 9. Suppose -o*m + 11 + s = 0. What are the prime factors of m?
2
Let s(y) be the second derivative of -y**5/20 + 7*y**4/12 + 7*y**3/6 + 7*y**2/2 + y. Let a be s(8). List the prime factors of a/4 + (-296)/(-32).
3
Let s = 173 + -106. Let t = s + -2. What are the prime fac